- 85*q + 93734 = 5*y. What is the tens digit of y?
4
Suppose 2*m = -2*y + 324 + 86, -4*y = -20. Let w be -12*(-279)/(-38) + 38/361. Let u = m + w. What is the units digit of u?
2
Let t = -23431 + 32662. What is the tens digit of t?
3
Suppose -335 = 5*p + 5*o, 0*o + 92 = -p + 4*o. Let k be 4*(27/p)/(2/(-4)). Suppose 3*q + k*q = 948. What is the hundreds digit of q?
1
Let j = 17510 - -10048. What is the thousands digit of j?
7
Let q(b) = b**3 + 4*b**2 - b - 11. Let z be q(-4). What is the units digit of (-5382)/z - 21/(-147)?
9
Let i(y) = 9*y**2 - 163*y - 105. What is the units digit of i(26)?
1
Let d(c) = -62*c**2 - 3*c + 0 - 28 + 65*c**2. What is the units digit of d(-9)?
2
Let z = -1255 - -5618. What is the hundreds digit of z?
3
Let f(x) = -10*x + 17. Let v be (1 + -4)*(40/(-15) - -2). Suppose 0 = 3*s - b + 15, 2*b + 14 = -v*s + 4. What is the tens digit of f(s)?
6
Let b = -2053 + 2780. What is the tens digit of b?
2
What is the units digit of 35/(-70) + (89135/2 - 4 - 3)?
0
Let i = -95 + 192. Suppose -1138 = 31*f - 84. Let l = i + f. What is the units digit of l?
3
Let b = -771 - -2945. Suppose -12*i + b = -2506. What is the hundreds digit of i?
3
Suppose -q = 4*d - 2*q - 14, 23 = 5*d - 4*q. Suppose 3*n = -4*h + 75, -3*h = d*n - 0*n - 57. What is the units digit of h?
8
Suppose -114 = -7*s - 31*s. What is the units digit of s/(-1) - 1932/(-21)?
9
Let z(d) = -143 + 300 - d - 144. Let r be z(10). Suppose s - r = 12. What is the tens digit of s?
1
Let q = -27 + 29. Suppose 0*d - 4 = 3*d + 2*m, -q*d + m = -9. What is the units digit of -1*100*(d + -3)?
0
Suppose -4*n = 2*k - 14, 3*n - 2*k + k = 18. Suppose -450 = -n*z + 85. Suppose 2*b = -4*x + 110, -2*b = -4*b - x + z. What is the units digit of b?
3
Suppose -5*o + 1062 = -2*u, 0 = 3*o + 2*o - u - 1066. Suppose -o + 37 = -3*n. What is the tens digit of (n/(-2))/((-4)/8)?
5
Let w(f) = 2*f**2 - 13*f + 24. Let v be w(11). Suppose 0 = 4*h - 341 - 95. Suppose y = v - h. What is the units digit of y?
4
Let n(l) = -l**3 + 76*l**2 + 72*l + 3011. What is the hundreds digit of n(59)?
4
Let k be (-114)/(-4)*58/3. Let u = k + -190. Let g = u - 236. What is the units digit of g?
5
Suppose 2689396 + 460288 = 83*z. What is the thousands digit of z?
7
Suppose -u - h + 56 = -2*u, 2*h = -5*u - 280. What is the units digit of (-32)/u + 3095/35?
9
Let g(x) = -52*x + 22. Let a be g(-2). Let k = a + -117. What is the tens digit of (k/(-9))/((-1)/135)?
3
Let f be (9/6)/(7/14). What is the units digit of 90/(-25) + f - 3726/(-10)?
2
Let w(o) = o**3 + 4*o**2 - 7*o - 24. Let s be 2/(-3) + 319/33. What is the tens digit of w(s)?
6
Suppose -5*a + 0*a = 5*w + 50, -34 = 4*w + 2*a. Let o = -3 - w. Suppose 39 = -n + o*n. What is the units digit of n?
3
Suppose -2*d + 214 = -3*k - d, 0 = 5*k + d + 346. What is the units digit of (-980)/(-55) + k/(-22) + -3?
8
Suppose 0 = -4*x + 68 + 40. Let g = 22 - x. Let q = 30 + g. What is the units digit of q?
5
Let a(o) = -39 + 8*o - 36 + 18*o - 43*o. What is the tens digit of a(-10)?
9
Let i be 2/(-1) + (-3 - 44) + 1. Let s = -46 - i. Suppose 4*c - 748 = -4*n + s*c, -2*n + 378 = -c. What is the units digit of n?
8
Suppose 0 = 4*n - 5138 - 746. What is the thousands digit of n?
1
Let d be 6/1 + (6 - (18 + -11)). Suppose 2719 = 4*y + d*j, 0 = 2*y + y + 2*j - 2041. What is the tens digit of y?
8
Suppose -91138 = -2*c + 2*l, -l = 5*c - 4*c - 45571. What is the thousands digit of c?
5
Let o be (-4)/34 - (-441072)/204. Let n = o + -928. What is the thousands digit of n?
1
Suppose 0 = 4*a + 82 - 262. Suppose -420 = -a*k + 41*k. Suppose -7*l + k = -6*l. What is the units digit of l?
5
Let t(d) = d. Let f be t(2). Suppose -5*y + 5*p = -265, -2*y + 3*y - 54 = f*p. Let v = y + 51. What is the units digit of v?
3
Let p(s) = -205*s**3 - 4*s**2 + 2*s. What is the hundreds digit of p(-2)?
6
Let m(r) = -r**3 - 41*r**2 - 4*r - 79. Let g(j) = -j**3 - 40*j**2 - 5*j - 79. Let p(a) = 5*g(a) - 4*m(a). What is the units digit of p(-36)?
5
What is the units digit of 2207 - (23 + -7) - (-4)/(-2)?
9
Let h = -8389 - -12575. What is the tens digit of h?
8
Suppose -27*s = -26*s. Suppose s = -3*c + 162 + 33. Let y = c - -7. What is the tens digit of y?
7
Let k = 3895 - -492. What is the hundreds digit of k?
3
What is the hundreds digit of ((-153)/4)/(4/(-112))*15?
0
Suppose -2*b - 5*l = -29, b = -4*l - 0*l + 19. Suppose c + 27 = 4*c + u, c - 5*u + b = 0. Let f(k) = 9*k - 43. What is the tens digit of f(c)?
2
Let y(l) = -1784*l**3 - l**2 + 13*l + 28. What is the ten thousands digit of y(-3)?
4
Let g = 16094 + -8796. What is the tens digit of g?
9
Suppose 15*h - 36 = 3*h. Suppose b - 561 = -h*o, o + 103 = -4*b + 301. What is the tens digit of o?
8
Suppose 4*b + 36*b = 520. Suppose -2*d + d = 5*v - 18, -2*d + 21 = 5*v. Suppose -b*z = 4*o - 8*z - 1064, 0 = -2*o + v*z + 510. What is the hundreds digit of o?
2
Let t(n) = -22*n**3 - 5*n**2 + 12*n + 63. What is the units digit of t(-5)?
8
Suppose 0 = -3*w - q + 14, -2*q + 2 = 4. Let p = -3 - -4. Let j = w - p. What is the units digit of j?
4
Suppose -2*g + 200 = o - 4*o, -4*o - 4*g - 240 = 0. Let p = 62 + o. What is the units digit of p + (104 - (-2 + 3))?
1
Suppose 2*w + 75427 = 2*r + 9799, -131214 = -4*r - 2*w. What is the ten thousands digit of r?
3
Let i be 0 + (-3 - -3) + 3. Let g be (-3 - -4) + -1 + i. Suppose -92 = -2*d + g*j, -2*j + 184 = 4*d + j. What is the tens digit of d?
4
Suppose -27*l + 17237 = -16*l. Let f = l + -446. What is the tens digit of f?
2
Let z(q) = -2*q**2 + 24*q - 71. Let r(y) = y**2 - 27*y + 71. Let k(g) = -3*r(g) - 2*z(g). What is the thousands digit of k(32)?
2
Suppose 63*g = -23*g + 971766 + 3144452. What is the thousands digit of g?
7
Suppose -10*m = -8*m - 4. Let k(y) be the second derivative of 41*y**3/6 + 3*y**2/2 + 6*y. What is the units digit of k(m)?
5
Suppose -6*m + 19 = 1. Suppose -5*f = -0*u - u + 6, -m*u = 3*f - 18. What is the tens digit of 34/u*(-5 + 8)?
1
What is the ten thousands digit of (0 - -38)*((-65)/10)/((-42)/11130)?
6
Let w = 4021 + 1830. What is the tens digit of w?
5
Let d = -97 - -2489. What is the thousands digit of d?
2
What is the hundreds digit of (20920/14)/((-7)/98*-4)?
2
Let t(j) = -3*j**3 + 145*j**2 + 96*j + 99. Let m be t(49). Suppose -4*s - 5*y - 2 = 31, -31 = 5*s - 4*y. What is the tens digit of m + 58 - 8/(5 + s)?
6
Suppose 0 = -5*m + 26409 - 489. What is the tens digit of m?
8
Let r(c) = 4*c**2 - 28*c + 78. Suppose -70 = 5*q + 5*o, 2*o = -6*q + 3*q - 43. What is the units digit of r(q)?
8
Let z be (-1)/(2/(-12)) - 2. Suppose 0 = -z*c - 20, g + 8*c - 5*c - 37 = 0. Let n = 65 + g. What is the tens digit of n?
1
Let c = 54 - 49. Let x = -13 + 16. Suppose -x*k = 2*w + 2 - 215, k + c = 0. What is the units digit of w?
4
Let b(v) = v**3 + 17*v**2 + 8*v - 63. Let x be b(-20). Let d = -806 - x. What is the hundreds digit of d?
6
Let f = -12483 - -15789. What is the units digit of f?
6
Let u = -564 - -564. Suppose u = -7*c + 3565 + 2665. What is the tens digit of c?
9
Suppose 27*i - 4 = 25*i. Suppose -5*d = 5*a - 40, -5*d + 14 = -i*a + 2. Suppose -y - 153 = -5*v, d*v - 27 = 3*v - y. What is the units digit of v?
0
Let a be (1 - 6/(-3)) + (4 - 2). Suppose -3*p - d + 78 = 0, 6*p - a*d - 96 = 3*p. What is the units digit of -1*((-8)/(-36) + (-33)/p)?
1
Suppose -8*k + 2*p + 4 = -3*k, 16 = 5*k + 2*p. Suppose -d = 3*f - 803, 5*d - 2379 = k*d + f. What is the tens digit of d?
9
Let a(p) = -3*p - 91. Let r be a(-29). What is the hundreds digit of (r + (-33)/(-9))/(3/(-2943))?
3
Let s(x) = 67*x**2 - 27*x - 269. What is the units digit of s(-20)?
1
What is the hundreds digit of (-275856)/(-26) + 128/832?
6
Let c(x) = 4*x + 12. Let f be c(-4). Let q(j) = 2*j + 14. Let n be q(f). Suppose -n*b + 94 = -350. What is the units digit of b?
4
Let a(t) = -t - 8. Let i be a(-11). Suppose -i*o + 51 = -420. Suppose -2*g + 5*b = -65, -3*g + o = g - b. What is the tens digit of g?
4
Suppose -3*a + 92 = 4*y, -2*y = -3*a - 0*a - 28. What is the hundreds digit of (2*(-8)/y)/((-4)/1390)?
2
Suppose -3*p = 12, -5*c - 5*p - 1145 = 1375. What is the hundreds digit of (c/12)/(3/(-9))?
1
Let t be (-304)/(-684) + 46/18. Let v be 6/9*48 - -1. Suppose -v = -6*i + t. What is the units digit of i?
6
Let g(q) = -4*q**3 - q**2 - 3*q - 2. Let p be g